 - 320746 = -15*f - 19955. What is the thousands digit of f?
4
Suppose 1485 = 4*t + 3*g, 2*g = -t + 4*g + 374. Let p be (14/(-8))/((-1)/8). Suppose -18*d = -p*d - t. What is the units digit of d?
3
Let f(b) = b**2 + 13*b + 14. Let j be f(-12). Let q(h) = -1 + 16*h**2 + 6 - h**3 - 3 - 9*h**j - 6*h. What is the units digit of q(4)?
6
Suppose 10*f - 5*i - 134647 = 4*f, -i - 5 = 0. What is the ten thousands digit of f?
2
Suppose 1371887 = 138*y + 239*y - 13598783. What is the tens digit of y?
1
Let r(s) = 10*s + 4. Let c be r(-1). Let t be (c/(-4))/((-24)/(-2432)). Suppose 98 = 2*i + 5*j, -3*i + 2*j + t = 5. What is the units digit of i?
9
Let p be -246*(4 - (-14)/(-3)). Suppose -p = t - 5*t. Suppose 3*h - 126 = z + t, z = -5. What is the tens digit of h?
5
Let h = -6703 - -19090. What is the hundreds digit of h?
3
Suppose 5*h + 30173 = a, 4*h - 7 = 13. What is the hundreds digit of a?
1
Let u(p) = -1 + 21*p - 18 + 36*p + 58*p - 47*p. Let m(z) = -z**3 - 8*z**2 + 9*z + 3. Let h be m(-9). What is the units digit of u(h)?
5
Let m be (10 + (66/(-4))/(-11))*50. What is the hundreds digit of (-3 - -2) + 20 + m?
5
Let p(b) = -2*b - 7. Let v be p(-5). Suppose v*n - 4*i = -489 + 1747, -2*i = -5*n + 2092. What is the hundreds digit of n?
4
Let s(m) = 137*m**2 + 141*m + 36. What is the thousands digit of s(-7)?
5
Let s be (18*(14/6 - 2))/3. What is the units digit of ((-717)/s)/((-108)/144)?
8
Let j(g) = 10883*g**2 + 85*g + 87. What is the ten thousands digit of j(-1)?
1
Let z = 826 - 803. Suppose -4*u - z = -5*f + 83, 0 = -5*f - 2*u + 112. What is the tens digit of f?
2
Let r(f) = -f**3 + 43*f**2 - 212*f - 88. What is the thousands digit of r(36)?
1
Let l(p) = p. Suppose a + z - 2 = 0, 5*z - z + 12 = a. Let w(x) = -8*x**2 + 15*x - 24. Let o(c) = a*l(c) - w(c). What is the units digit of o(3)?
3
What is the hundreds digit of ((-36)/(-10))/(480/2067600)?
5
Suppose -2*f - 26 = -22. What is the tens digit of f/(-9) + (-482)/(-18)?
2
Suppose -5 + 30 = 5*y - 5*b, -4*b + 28 = 2*y. Suppose y*p = 666 + 278. What is the tens digit of p?
1
Let l(k) = 137*k - 7. Let q(y) = y**2 + 12*y + 13. Let d be q(-12). Let m = d - 11. What is the units digit of l(m)?
7
Suppose -468135 = -37*x + 244004. What is the units digit of x?
7
Let y = -14027 + 19892. What is the thousands digit of y?
5
Suppose -5*g - 4*p = -38794, 2*p - 3764 = 2*g - 19296. What is the hundreds digit of g?
7
Suppose -2*s + 5*y + 79310 = 0, 33 - 17 = 4*y. What is the ten thousands digit of s?
3
Let i = 5388 - 2368. What is the thousands digit of i?
3
Let r(a) = 5*a**2 + a. Let s be r(1). Let u be ((-270)/75)/(s/2660). What is the tens digit of (5/4 - 2) + u/(-16)?
9
Suppose 0 = 20*h - 97*h + 568491. What is the tens digit of h?
8
Suppose -5*i = -5*l + 53640, 12*l - 53668 = 7*l + i. What is the ten thousands digit of l?
1
Let t(i) be the first derivative of -3 - 5/2*i**2 + 178/3*i**3 + 2*i. What is the hundreds digit of t(1)?
1
Let t(x) = 6*x - 8 + 25*x + 4*x. Let q be 248/60 + 56/(-70) + (-3)/9. What is the units digit of t(q)?
7
Let d be ((-8)/6 + -1)*(124 - 31). Let o = d - -143. Let k = o - -180. What is the hundreds digit of k?
1
Suppose 5*k - 2*j - 53011 = 0, 10*k - 11*k + 10607 = 2*j. What is the thousands digit of k?
0
Let t = 41 + -3. Let q be -4*(-1)/(4/t). Suppose 2*n - 23 + 57 = 4*r, 0 = 5*r + 2*n - q. What is the units digit of r?
8
What is the units digit of (50/(-15))/((-9)/((-29592)/(-16)))?
5
Let u = -26 - -27. Let k be (-16)/(-20) + u/((-20)/(-124)). Suppose -1632 = -k*h - 5*h. What is the units digit of h?
6
Suppose 4*k + 5*q = 7, 3*q = k + 4*q - 2. Let x(f) = 22*f. Let r(c) = 1. Let t(j) = 5*r(j) + x(j). What is the units digit of t(k)?
1
Suppose -8 = -v + 9. Suppose 0 = x - v + 14. Suppose 109 = x*g - 131. What is the tens digit of g?
8
What is the tens digit of (6/4)/((-46)/(-227792))?
2
Let w be 1*2 - (0 - 1). Suppose w*i + 4 = -20. What is the tens digit of 24 + 2/i*-4*-1?
2
Let d(h) = -2*h**2 - 40*h + 5. Let z be d(-20). Suppose 889 = -z*a + 2204. What is the units digit of a?
3
Let u be 3*(-8129)/(-33) + 2/(-1). Suppose -3*l + u = 18*z - 13*z, 4*z - 980 = -4*l. What is the units digit of l?
4
Suppose -39*h + 48381 + 16398 = 0. What is the thousands digit of h?
1
Suppose 34*j - 3387 = 737133. What is the tens digit of j?
8
Let k be (30 - 66)*7/3. Let x = 246 + k. What is the tens digit of x?
6
Let u(g) = -4*g - 12*g**2 - 2*g**2 + 30 - g**3 + 5*g. Let z be u(-14). Suppose -z*f + 92 = -12*f. What is the tens digit of f?
2
Suppose 471 = 7*y - 306. Suppose -2 = s, -3*v + 5*s - 476 = -y. Let r = v - -216. What is the tens digit of r?
9
Let w = 32 - 227. Suppose m = 4*u + 541, -5*m - 400 = 42*u - 39*u. Let r = u - w. What is the units digit of r?
0
Let d(j) be the first derivative of 2*j**3/3 + 9*j**2/2 - 13*j - 17. Let k be d(-6). Suppose k*b + 3*a + 2*a = 545, 4*a = 0. What is the units digit of b?
9
Suppose 2*n = -10*n + 24*n - 493392. What is the units digit of n?
6
Let g(d) = -287*d**3 - d**2 + 5*d + 14. What is the thousands digit of g(-2)?
2
Let p = -27011 + 49778. What is the hundreds digit of p?
7
Suppose 7*h - 351 = 2*h + i, -h + 4*i = -74. Let d = h + -30. Let z = d + 16. What is the units digit of z?
6
Let a(d) = 125*d + 71. Suppose 0 = 7*x + 33*x - 200. What is the hundreds digit of a(x)?
6
Let t be (-9)/(-18) + (-14)/(-4). Suppose 0 = -t*f + 1518 + 1338. What is the tens digit of f?
1
Suppose 3*o - 3*l - 18090 - 11829 = 0, 5*l = 4*o - 39892. What is the thousands digit of o?
9
Suppose -39 = -4*h - 5*b, 3*b - 65 = 2*h - 7*h. Suppose -h*w + 19*w + 444 = 0. Let x = 207 + w. What is the units digit of x?
9
Suppose 2*h = v + 3*v - 18, -4*h + 24 = 4*v. Suppose 3*o - 5*u = 689, -u = -v*o + 2*u + 1127. What is the hundreds digit of o?
2
Suppose -6*k = -407 - 829. Suppose 0 = 4*x - 12, -x - k = -5*c + 2*x. Let p = c + 83. What is the units digit of p?
6
Suppose 2*l - 7 = -3, 13 = 3*a + 5*l. Let d(r) = 2*r**3 + r - 2. Let g be d(a). What is the units digit of -2*(12 + g)/(6/(-3))?
3
Suppose -2*m + 2054 = 2*h + 378, -h + 3*m = -838. Suppose 2*j = 4*o - h, -7*j + 2*j = -4*o + 847. What is the tens digit of o?
0
What is the units digit of 11439/6*(-102)/(-153)?
1
Suppose 2*g + 2*j = 60390, -90550 = -3*g - 7*j + 11*j. What is the ten thousands digit of g?
3
Suppose 223*f = 217*f + 18. What is the thousands digit of (-4)/2 + f + (1483 - 0)?
1
Let x(m) = m**2 + 12*m + 20. Let y be x(-10). Suppose 2*k - 16 = 3*w, k + 6 = -y*k - 2*w. Suppose k*c - 128 - 22 = 0. What is the tens digit of c?
7
Suppose 7*t + 84145 - 501331 = 0. What is the ten thousands digit of t?
5
Suppose 2*m - 1748 - 1406 = 0. Suppose -m - 3687 = -8*j. What is the units digit of j?
8
Suppose 10*a - 12 - 38 = 0. Suppose 2*d = 6*d - 3*t - 2363, 5*t + a = 0. What is the tens digit of d?
9
Let k(v) be the third derivative of -5*v**4/12 - 23*v**3/3 + 49*v**2. What is the tens digit of k(-34)?
9
Let x(a) be the second derivative of -a**4/12 + 4*a**3/3 - 5*a**2 - 2*a. Let f be x(8). Let z(j) = j**2 + 2*j - 2. What is the units digit of z(f)?
8
Let p(w) = -2*w**2 + 23*w - 9. Let i be p(11). Suppose -3*b + 8*c + 3 = 3*c, -5 = i*b - c. Let g = b - -56. What is the units digit of g?
2
Suppose z = -2*o, 5*o + 4*z + z = 10. Let c(f) = -2 - 19*f + 2 - 3. What is the tens digit of c(o)?
3
Suppose -91202 - 499201 = -58*x + 263995. What is the hundreds digit of x?
7
Suppose -y - 12 = 3*l + 3, -2*y - 33 = 5*l. Let q = y + 32. Suppose -6*f + q*f - 82 = 0. What is the tens digit of f?
4
Let z be (-4)/((15/30)/(1/(-4))). Suppose 5*p + 6*q = 11*q + 2415, -1439 = -3*p - z*q. What is the units digit of p?
1
Let y be 136/(-24)*(8/(-2) + 1). Suppose 3*m + 887 = y. Let s = m + 486. What is the hundreds digit of s?
1
Let q(r) = 3*r**2 + 32*r + 15. Let g(j) = 2*j**2 + 31*j + 13. Let z(t) = -7*g(t) + 6*q(t). What is the tens digit of z(-8)?
5
What is the hundreds digit of (3*1)/(13583700/(-646848) - -21)?
9
Let o(f) = -f**2 + 24*f - 66. Let s be o(15). Suppose 0 = 71*q - s*q - 252. What is the hundreds digit of q?
1
Suppose 0 = -4*l + 4*a + 106240, 0 = l - 420*a + 415*a - 26584. What is the units digit of l?
4
Let l(b) = -b**3 + 13*b**2 + 9*b - 9. Suppose 120 = 7*m + m. Let f be l(m). What is the units digit of 1*15*f/(-90)?
4
Suppose 0 + 35 = 7*b. Sup